{"id":2137,"date":"2017-06-28T15:56:19","date_gmt":"2017-06-28T13:56:19","guid":{"rendered":"http:\/\/science-park-saar.strukturholding.de\/wp-content\/uploads\/sites\/11\/2017\/06\/news_shs_2014-02_produktionshalle.jpg"},"modified":"2017-06-28T15:56:19","modified_gmt":"2017-06-28T13:56:19","slug":"news_shs_2014-02_produktionshalle-2","status":"inherit","type":"attachment","link":"https:\/\/www.science-park-saar.de\/en\/new-production-facility-for-the-automotive-location-saarland\/news_shs_2014-02_produktionshalle-2\/","title":{"rendered":"news_shs_2014-02_produktionshalle"},"author":2,"featured_media":0,"comment_status":"closed","ping_status":"closed","template":"","meta":{"_acf_changed":false},"class_list":["post-2137","attachment","type-attachment","status-inherit","hentry"],"acf":[],"yoast_head":"<!-- This site is optimized with the Yoast SEO plugin v27.4 - https:\/\/yoast.com\/product\/yoast-seo-wordpress\/ -->\n<title>news_shs_2014-02_produktionshalle - Science Park Saar<\/title>\n<meta name=\"robots\" content=\"index, follow, max-snippet:-1, max-image-preview:large, max-video-preview:-1\" \/>\n<link rel=\"canonical\" href=\"https:\/\/www.science-park-saar.de\/wp-content\/uploads\/sites\/11\/2017\/06\/news_shs_2014-02_produktionshalle.jpg\" \/>\n<meta property=\"og:locale\" content=\"en_US\" \/>\n<meta property=\"og:type\" content=\"article\" \/>\n<meta property=\"og:title\" content=\"news_shs_2014-02_produktionshalle - Science Park Saar\" \/>\n<meta property=\"og:description\" content=\"(v. links): B. Seiler; P. W\u00f6lflinger, beide Decoma; M. Adam, B\u00fcrgermeister Sulzbach; D. Althaus, Magna Europe, Ministerpr\u00e4sidentin A. Kramp-Karrenbauer; K. Schmittbetz, Decoma; Th. Schuck, SHS\" \/>\n<meta property=\"og:url\" content=\"https:\/\/www.science-park-saar.de\/wp-content\/uploads\/sites\/11\/2017\/06\/news_shs_2014-02_produktionshalle.jpg\" \/>\n<meta property=\"og:site_name\" content=\"Science Park Saar\" \/>\n<meta property=\"og:image\" content=\"https:\/\/www.science-park-saar.de\/wp-content\/uploads\/sites\/11\/2017\/06\/news_shs_2014-02_produktionshalle.jpg\" \/>\n\t<meta property=\"og:image:width\" content=\"2000\" \/>\n\t<meta property=\"og:image:height\" content=\"1331\" \/>\n\t<meta property=\"og:image:type\" content=\"image\/jpeg\" \/>\n<meta name=\"twitter:card\" content=\"summary_large_image\" \/>\n<script type=\"application\/ld+json\" class=\"yoast-schema-graph\">{\"@context\":\"https:\\\/\\\/schema.org\",\"@graph\":[{\"@type\":\"WebPage\",\"@id\":\"https:\\\/\\\/www.science-park-saar.de\\\/wp-content\\\/uploads\\\/sites\\\/11\\\/2017\\\/06\\\/news_shs_2014-02_produktionshalle.jpg\",\"url\":\"https:\\\/\\\/www.science-park-saar.de\\\/wp-content\\\/uploads\\\/sites\\\/11\\\/2017\\\/06\\\/news_shs_2014-02_produktionshalle.jpg\",\"name\":\"news_shs_2014-02_produktionshalle - Science Park Saar\",\"isPartOf\":{\"@id\":\"https:\\\/\\\/www.science-park-saar.de\\\/#website\"},\"datePublished\":\"2017-06-28T13:56:19+00:00\",\"breadcrumb\":{\"@id\":\"https:\\\/\\\/www.science-park-saar.de\\\/wp-content\\\/uploads\\\/sites\\\/11\\\/2017\\\/06\\\/news_shs_2014-02_produktionshalle.jpg#breadcrumb\"},\"inLanguage\":\"en-US\",\"potentialAction\":[{\"@type\":\"ReadAction\",\"target\":[\"https:\\\/\\\/www.science-park-saar.de\\\/wp-content\\\/uploads\\\/sites\\\/11\\\/2017\\\/06\\\/news_shs_2014-02_produktionshalle.jpg\"]}]},{\"@type\":\"BreadcrumbList\",\"@id\":\"https:\\\/\\\/www.science-park-saar.de\\\/wp-content\\\/uploads\\\/sites\\\/11\\\/2017\\\/06\\\/news_shs_2014-02_produktionshalle.jpg#breadcrumb\",\"itemListElement\":[{\"@type\":\"ListItem\",\"position\":1,\"name\":\"Startseite\",\"item\":\"https:\\\/\\\/www.science-park-saar.de\\\/en\\\/\"},{\"@type\":\"ListItem\",\"position\":2,\"name\":\"New production facility for the automotive location Saarland\",\"item\":\"https:\\\/\\\/www.science-park-saar.de\\\/en\\\/new-production-facility-for-the-automotive-location-saarland\\\/\"},{\"@type\":\"ListItem\",\"position\":3,\"name\":\"news_shs_2014-02_produktionshalle\"}]},{\"@type\":\"WebSite\",\"@id\":\"https:\\\/\\\/www.science-park-saar.de\\\/#website\",\"url\":\"https:\\\/\\\/www.science-park-saar.de\\\/\",\"name\":\"Science Park Saar\",\"description\":\"\",\"potentialAction\":[{\"@type\":\"SearchAction\",\"target\":{\"@type\":\"EntryPoint\",\"urlTemplate\":\"https:\\\/\\\/www.science-park-saar.de\\\/?s={search_term_string}\"},\"query-input\":{\"@type\":\"PropertyValueSpecification\",\"valueRequired\":true,\"valueName\":\"search_term_string\"}}],\"inLanguage\":\"en-US\"}]}<\/script>\n<!-- \/ Yoast SEO plugin. -->","yoast_head_json":{"title":"news_shs_2014-02_produktionshalle - Science Park Saar","robots":{"index":"index","follow":"follow","max-snippet":"max-snippet:-1","max-image-preview":"max-image-preview:large","max-video-preview":"max-video-preview:-1"},"canonical":"https:\/\/www.science-park-saar.de\/wp-content\/uploads\/sites\/11\/2017\/06\/news_shs_2014-02_produktionshalle.jpg","og_locale":"en_US","og_type":"article","og_title":"news_shs_2014-02_produktionshalle - Science Park Saar","og_description":"(v. links): B. Seiler; P. W\u00f6lflinger, beide Decoma; M. Adam, B\u00fcrgermeister Sulzbach; D. Althaus, Magna Europe, Ministerpr\u00e4sidentin A. Kramp-Karrenbauer; K. Schmittbetz, Decoma; Th. Schuck, SHS","og_url":"https:\/\/www.science-park-saar.de\/wp-content\/uploads\/sites\/11\/2017\/06\/news_shs_2014-02_produktionshalle.jpg","og_site_name":"Science Park Saar","og_image":[{"width":2000,"height":1331,"url":"https:\/\/www.science-park-saar.de\/wp-content\/uploads\/sites\/11\/2017\/06\/news_shs_2014-02_produktionshalle.jpg","type":"image\/jpeg"}],"twitter_card":"summary_large_image","schema":{"@context":"https:\/\/schema.org","@graph":[{"@type":"WebPage","@id":"https:\/\/www.science-park-saar.de\/wp-content\/uploads\/sites\/11\/2017\/06\/news_shs_2014-02_produktionshalle.jpg","url":"https:\/\/www.science-park-saar.de\/wp-content\/uploads\/sites\/11\/2017\/06\/news_shs_2014-02_produktionshalle.jpg","name":"news_shs_2014-02_produktionshalle - Science Park Saar","isPartOf":{"@id":"https:\/\/www.science-park-saar.de\/#website"},"datePublished":"2017-06-28T13:56:19+00:00","breadcrumb":{"@id":"https:\/\/www.science-park-saar.de\/wp-content\/uploads\/sites\/11\/2017\/06\/news_shs_2014-02_produktionshalle.jpg#breadcrumb"},"inLanguage":"en-US","potentialAction":[{"@type":"ReadAction","target":["https:\/\/www.science-park-saar.de\/wp-content\/uploads\/sites\/11\/2017\/06\/news_shs_2014-02_produktionshalle.jpg"]}]},{"@type":"BreadcrumbList","@id":"https:\/\/www.science-park-saar.de\/wp-content\/uploads\/sites\/11\/2017\/06\/news_shs_2014-02_produktionshalle.jpg#breadcrumb","itemListElement":[{"@type":"ListItem","position":1,"name":"Startseite","item":"https:\/\/www.science-park-saar.de\/en\/"},{"@type":"ListItem","position":2,"name":"New production facility for the automotive location Saarland","item":"https:\/\/www.science-park-saar.de\/en\/new-production-facility-for-the-automotive-location-saarland\/"},{"@type":"ListItem","position":3,"name":"news_shs_2014-02_produktionshalle"}]},{"@type":"WebSite","@id":"https:\/\/www.science-park-saar.de\/#website","url":"https:\/\/www.science-park-saar.de\/","name":"Science Park Saar","description":"","potentialAction":[{"@type":"SearchAction","target":{"@type":"EntryPoint","urlTemplate":"https:\/\/www.science-park-saar.de\/?s={search_term_string}"},"query-input":{"@type":"PropertyValueSpecification","valueRequired":true,"valueName":"search_term_string"}}],"inLanguage":"en-US"}]}},"smush":"Not processed","description":{"rendered":"<p class=\"attachment\"><a href='https:\/\/www.science-park-saar.de\/wp-content\/uploads\/sites\/11\/2017\/06\/news_shs_2014-02_produktionshalle.jpg'><img loading=\"lazy\" decoding=\"async\" width=\"300\" height=\"300\" src=\"https:\/\/www.science-park-saar.de\/wp-content\/uploads\/sites\/11\/2017\/06\/news_shs_2014-02_produktionshalle-300x300.jpg\" class=\"attachment-medium size-medium\" alt=\"\" srcset=\"https:\/\/www.science-park-saar.de\/wp-content\/uploads\/sites\/11\/2017\/06\/news_shs_2014-02_produktionshalle-300x300.jpg 300w, https:\/\/www.science-park-saar.de\/wp-content\/uploads\/sites\/11\/2017\/06\/news_shs_2014-02_produktionshalle-150x150.jpg 150w, https:\/\/www.science-park-saar.de\/wp-content\/uploads\/sites\/11\/2017\/06\/news_shs_2014-02_produktionshalle-1024x1024.jpg 1024w\" sizes=\"auto, (max-width: 300px) 100vw, 300px\" \/><\/a><\/p>\n"},"caption":{"rendered":"<p>(v. links): B. Seiler; P. W\u00f6lflinger, beide Decoma; M. Adam, B\u00fcrgermeister Sulzbach; D. Althaus, Magna Europe, Ministerpr\u00e4sidentin A. Kramp-Karrenbauer; K. Schmittbetz, Decoma; Th. Schuck, SHS<\/p>\n"},"alt_text":"","media_type":"image","mime_type":"image\/jpeg","media_details":{"width":2000,"height":1331,"file":"2017\/06\/news_shs_2014-02_produktionshalle.jpg","sizes":{"thumbnail":{"file":"news_shs_2014-02_produktionshalle-150x150.jpg","width":150,"height":150,"mime_type":"image\/jpeg","source_url":"https:\/\/www.science-park-saar.de\/wp-content\/uploads\/sites\/11\/2017\/06\/news_shs_2014-02_produktionshalle-150x150.jpg"},"medium":{"file":"news_shs_2014-02_produktionshalle-300x300.jpg","width":300,"height":300,"mime_type":"image\/jpeg","source_url":"https:\/\/www.science-park-saar.de\/wp-content\/uploads\/sites\/11\/2017\/06\/news_shs_2014-02_produktionshalle-300x300.jpg"},"large":{"file":"news_shs_2014-02_produktionshalle-1024x1024.jpg","width":1024,"height":1024,"mime_type":"image\/jpeg","source_url":"https:\/\/www.science-park-saar.de\/wp-content\/uploads\/sites\/11\/2017\/06\/news_shs_2014-02_produktionshalle-1024x1024.jpg"},"wysija-newsletters-max":{"file":"news_shs_2014-02_produktionshalle-600x9999.jpg","width":600,"height":9999,"mime_type":"image\/jpeg","source_url":"https:\/\/www.science-park-saar.de\/wp-content\/uploads\/sites\/11\/2017\/06\/news_shs_2014-02_produktionshalle-600x9999.jpg"},"news-thumb":{"file":"news_shs_2014-02_produktionshalle-480x294.jpg","width":480,"height":294,"mime_type":"image\/jpeg","source_url":"https:\/\/www.science-park-saar.de\/wp-content\/uploads\/sites\/11\/2017\/06\/news_shs_2014-02_produktionshalle-480x294.jpg"},"ansprechpartner-thumb":{"file":"news_shs_2014-02_produktionshalle-480x394.jpg","width":480,"height":394,"mime_type":"image\/jpeg","source_url":"https:\/\/www.science-park-saar.de\/wp-content\/uploads\/sites\/11\/2017\/06\/news_shs_2014-02_produktionshalle-480x394.jpg"},"quickguide-thumb":{"file":"news_shs_2014-02_produktionshalle-478x238.jpg","width":478,"height":238,"mime_type":"image\/jpeg","source_url":"https:\/\/www.science-park-saar.de\/wp-content\/uploads\/sites\/11\/2017\/06\/news_shs_2014-02_produktionshalle-478x238.jpg"},"gallery-thumb":{"file":"news_shs_2014-02_produktionshalle-600x320.jpg","width":600,"height":320,"mime_type":"image\/jpeg","source_url":"https:\/\/www.science-park-saar.de\/wp-content\/uploads\/sites\/11\/2017\/06\/news_shs_2014-02_produktionshalle-600x320.jpg"},"headerGrafik2000":{"file":"news_shs_2014-02_produktionshalle-2000x680.jpg","width":2000,"height":680,"mime_type":"image\/jpeg","source_url":"https:\/\/www.science-park-saar.de\/wp-content\/uploads\/sites\/11\/2017\/06\/news_shs_2014-02_produktionshalle-2000x680.jpg"},"full":{"file":"news_shs_2014-02_produktionshalle.jpg","width":2000,"height":1331,"mime_type":"image\/jpeg","source_url":"https:\/\/www.science-park-saar.de\/wp-content\/uploads\/sites\/11\/2017\/06\/news_shs_2014-02_produktionshalle.jpg"}},"image_meta":{"aperture":0,"credit":"","camera":"","caption":"","created_timestamp":0,"copyright":"","focal_length":0,"iso":0,"shutter_speed":0,"title":"","orientation":0}},"post":1439,"source_url":"https:\/\/www.science-park-saar.de\/wp-content\/uploads\/sites\/11\/2017\/06\/news_shs_2014-02_produktionshalle.jpg","_links":{"self":[{"href":"https:\/\/www.science-park-saar.de\/en\/wp-json\/wp\/v2\/media\/2137","targetHints":{"allow":["GET"]}}],"collection":[{"href":"https:\/\/www.science-park-saar.de\/en\/wp-json\/wp\/v2\/media"}],"about":[{"href":"https:\/\/www.science-park-saar.de\/en\/wp-json\/wp\/v2\/types\/attachment"}],"author":[{"embeddable":true,"href":"https:\/\/www.science-park-saar.de\/en\/wp-json\/wp\/v2\/users\/2"}],"replies":[{"embeddable":true,"href":"https:\/\/www.science-park-saar.de\/en\/wp-json\/wp\/v2\/comments?post=2137"}],"wp:attached-to":[{"embeddable":true,"post_type":"post","id":1439,"href":"https:\/\/www.science-park-saar.de\/en\/wp-json\/wp\/v2\/posts\/1439"}],"curies":[{"name":"wp","href":"https:\/\/api.w.org\/{rel}","templated":true}]}}

<!-- This site is optimized with the Yoast SEO plugin v27.4 - https://yoast.com/product/yoast-seo-wordpress/ -->
<title>news_shs_2014-02_produktionshalle - Science Park Saar</title>
<meta name="robots" content="index, follow, max-snippet:-1, max-image-preview:large, max-video-preview:-1" />
<link rel="canonical" href="https://www.science-park-saar.de/wp-content/uploads/sites/11/2017/06/news_shs_2014-02_produktionshalle.jpg" />
<meta property="og:locale" content="en_US" />
<meta property="og:type" content="article" />
<meta property="og:title" content="news_shs_2014-02_produktionshalle - Science Park Saar" />
<meta property="og:description" content="(v. links): B. Seiler; P. Wölflinger, beide Decoma; M. Adam, Bürgermeister Sulzbach; D. Althaus, Magna Europe, Ministerpräsidentin A. Kramp-Karrenbauer; K. Schmittbetz, Decoma; Th. Schuck, SHS" />
<meta property="og:url" content="https://www.science-park-saar.de/wp-content/uploads/sites/11/2017/06/news_shs_2014-02_produktionshalle.jpg" />
<meta property="og:site_name" content="Science Park Saar" />
<meta property="og:image" content="https://www.science-park-saar.de/wp-content/uploads/sites/11/2017/06/news_shs_2014-02_produktionshalle.jpg" />
	<meta property="og:image:width" content="2000" />
	<meta property="og:image:height" content="1331" />
	<meta property="og:image:type" content="image/jpeg" />
<meta name="twitter:card" content="summary_large_image" />
<script type="application/ld+json" class="yoast-schema-graph">{"@context":"https:\/\/schema.org","@graph":[{"@type":"WebPage","@id":"https:\/\/www.science-park-saar.de\/wp-content\/uploads\/sites\/11\/2017\/06\/news_shs_2014-02_produktionshalle.jpg","url":"https:\/\/www.science-park-saar.de\/wp-content\/uploads\/sites\/11\/2017\/06\/news_shs_2014-02_produktionshalle.jpg","name":"news_shs_2014-02_produktionshalle - Science Park Saar","isPartOf":{"@id":"https:\/\/www.science-park-saar.de\/#website"},"datePublished":"2017-06-28T13:56:19+00:00","breadcrumb":{"@id":"https:\/\/www.science-park-saar.de\/wp-content\/uploads\/sites\/11\/2017\/06\/news_shs_2014-02_produktionshalle.jpg#breadcrumb"},"inLanguage":"en-US","potentialAction":[{"@type":"ReadAction","target":["https:\/\/www.science-park-saar.de\/wp-content\/uploads\/sites\/11\/2017\/06\/news_shs_2014-02_produktionshalle.jpg"]}]},{"@type":"BreadcrumbList","@id":"https:\/\/www.science-park-saar.de\/wp-content\/uploads\/sites\/11\/2017\/06\/news_shs_2014-02_produktionshalle.jpg#breadcrumb","itemListElement":[{"@type":"ListItem","position":1,"name":"Startseite","item":"https:\/\/www.science-park-saar.de\/en\/"},{"@type":"ListItem","position":2,"name":"New production facility for the automotive location Saarland","item":"https:\/\/www.science-park-saar.de\/en\/new-production-facility-for-the-automotive-location-saarland\/"},{"@type":"ListItem","position":3,"name":"news_shs_2014-02_produktionshalle"}]},{"@type":"WebSite","@id":"https:\/\/www.science-park-saar.de\/#website","url":"https:\/\/www.science-park-saar.de\/","name":"Science Park Saar","description":"","potentialAction":[{"@type":"SearchAction","target":{"@type":"EntryPoint","urlTemplate":"https:\/\/www.science-park-saar.de\/?s={search_term_string}"},"query-input":{"@type":"PropertyValueSpecification","valueRequired":true,"valueName":"search_term_string"}}],"inLanguage":"en-US"}]}</script>
<!-- / Yoast SEO plugin. -->

(v. links): B. Seiler; P. Wölflinger, beide Decoma; M. Adam, Bürgermeister Sulzbach; D. Althaus, Magna Europe, Ministerpräsidentin A. Kramp-Karrenbauer; K. Schmittbetz, Decoma; Th. Schuck, SHS

<p>(v. links): B. Seiler; P. Wölflinger, beide Decoma; M. Adam, Bürgermeister Sulzbach; D. Althaus, Magna Europe, Ministerpräsidentin A. Kramp-Karrenbauer; K. Schmittbetz, Decoma; Th. Schuck, SHS</p>
